{"id":116,"date":"2021-02-21T15:48:59","date_gmt":"2021-02-21T15:48:59","guid":{"rendered":"http:\/\/www.japanisches-bayern.de\/?page_id=116"},"modified":"2021-05-01T09:29:28","modified_gmt":"2021-05-01T09:29:28","slug":"weihermueller-irrt-sich","status":"publish","type":"page","link":"https:\/\/www.japanisches-bayern.de\/?page_id=116","title":{"rendered":"Polizeikommiss\u00e4r Weiherm\u00fcller irrt sich"},"content":{"rendered":"\n<figure class=\"wp-block-image size-large\"><img loading=\"lazy\" decoding=\"async\" width=\"600\" height=\"800\" src=\"http:\/\/www.japanisches-bayern.de\/wp-content\/uploads\/2021\/04\/Titelblatt_Weihermu\u0308ller.jpg\" alt=\"\" class=\"wp-image-164\" srcset=\"https:\/\/www.japanisches-bayern.de\/wp-content\/uploads\/2021\/04\/Titelblatt_Weihermu\u0308ller.jpg 600w, https:\/\/www.japanisches-bayern.de\/wp-content\/uploads\/2021\/04\/Titelblatt_Weihermu\u0308ller-225x300.jpg 225w\" sizes=\"(max-width: 600px) 100vw, 600px\" \/><\/figure>\n\n\n\n<p>Im M\u00e4rz 1885 ist Kommiss\u00e4r Donatus Weiherm\u00fcller Leiter der politischen Abteilung in der K\u00f6niglichen Polizeidirektion M\u00fcnchen. Er gilt als besonders f\u00e4hig und wird mit zwei heiklen Aufgaben betraut: Im Englischen Garten und in der Isar sind zwei tote Kinder aufgefunden worden, und dann wird auch noch bekannt, dass italienische Anarchisten einen Anschlag auf K\u00f6nig Ludwig II. planen. Die Nachricht ist der Bayerischen Gesandtschaft in Rom zugegangen, kann man ihr trauen? Und wer steckt hinter dem Anschlag? Etwa der Reichskanzler Bismarck selbst, oder doch Social-Demokraten in M\u00fcnchen?<\/p>\n\n\n\n<p>Die Suche nach einer Spur f\u00fchrt den Kommiss\u00e4r nicht nur in die Au und zum Tandler Ismael Goldmund am Sankt Jakobs Platz, sondern auch in eine Abendgesellschaft von <em>Urningen<\/em>, Anh\u00e4ngern der mann-m\u00e4nnlichen Liebe, die sich wegen der Ger\u00fcchte um den K\u00f6nig ermutigt f\u00fchlen.<\/p>\n\n\n\n<p>Doch dann verliert der so korrekte Kommiss\u00e4r Herz&nbsp;und Verstand an die bezaubernde Isolde Achleitner. F\u00fcr seinen verzweifelten Versuch, die junge Violinistin&nbsp;f\u00fcr sich zu gewinnen, werden beide teuer bezahlen: Die junge Frau mit dem Leben und Weiherm\u00fcller mit seiner geistigen Gesundheit. Er endet als Patient von Professor von Gudden in der Kreis-Irrenanstalt von Oberbayern.<\/p>\n\n\n\n<figure class=\"wp-block-embed is-type-rich is-provider-amazon wp-block-embed-amazon\"><div class=\"wp-block-embed__wrapper\">\n<iframe loading=\"lazy\" title=\"Polizeikommiss\u00e4r Weiherm\u00fcller irrt sich: Ein M\u00fcnchen-Krimi\" type=\"text\/html\" width=\"620\" height=\"550\" frameborder=\"0\" allowfullscreen style=\"max-width:100%\" src=\"https:\/\/lesen.amazon.de\/kp\/card?preview=inline&#038;linkCode=kpd&#038;ref_=k4w_oembed_ES6cOBKuhWd2Yz&#038;asin=B01BBRKPPA&#038;tag=kpembed-20\"><\/iframe>\n<\/div><\/figure>\n","protected":false},"excerpt":{"rendered":"<p>Im M\u00e4rz 1885 ist Kommiss\u00e4r Donatus Weiherm\u00fcller Leiter der politischen Abteilung in der K\u00f6niglichen Polizeidirektion M\u00fcnchen. Er gilt als besonders f\u00e4hig und wird mit zwei heiklen Aufgaben betraut: Im Englischen Garten und in der Isar sind zwei tote Kinder aufgefunden worden, und dann wird auch noch bekannt, dass italienische Anarchisten einen Anschlag auf K\u00f6nig Ludwig<a class=\"more-link\" href=\"https:\/\/www.japanisches-bayern.de\/?page_id=116\"><span class=\"screen-reader-text\">&#8222;Polizeikommiss\u00e4r Weiherm\u00fcller irrt sich&#8220;<\/span> weiterlesen<\/a><\/p>\n","protected":false},"author":1,"featured_media":0,"parent":0,"menu_order":0,"comment_status":"closed","ping_status":"closed","template":"","meta":{"footnotes":""},"class_list":["post-116","page","type-page","status-publish","hentry","entry"],"_links":{"self":[{"href":"https:\/\/www.japanisches-bayern.de\/index.php?rest_route=\/wp\/v2\/pages\/116"}],"collection":[{"href":"https:\/\/www.japanisches-bayern.de\/index.php?rest_route=\/wp\/v2\/pages"}],"about":[{"href":"https:\/\/www.japanisches-bayern.de\/index.php?rest_route=\/wp\/v2\/types\/page"}],"author":[{"embeddable":true,"href":"https:\/\/www.japanisches-bayern.de\/index.php?rest_route=\/wp\/v2\/users\/1"}],"replies":[{"embeddable":true,"href":"https:\/\/www.japanisches-bayern.de\/index.php?rest_route=%2Fwp%2Fv2%2Fcomments&post=116"}],"version-history":[{"count":2,"href":"https:\/\/www.japanisches-bayern.de\/index.php?rest_route=\/wp\/v2\/pages\/116\/revisions"}],"predecessor-version":[{"id":211,"href":"https:\/\/www.japanisches-bayern.de\/index.php?rest_route=\/wp\/v2\/pages\/116\/revisions\/211"}],"wp:attachment":[{"href":"https:\/\/www.japanisches-bayern.de\/index.php?rest_route=%2Fwp%2Fv2%2Fmedia&parent=116"}],"curies":[{"name":"wp","href":"https:\/\/api.w.org\/{rel}","templated":true}]}}