{"id":63,"date":"2021-02-19T14:21:08","date_gmt":"2021-02-19T14:21:08","guid":{"rendered":"http:\/\/www.japanisches-bayern.de\/?page_id=63"},"modified":"2021-05-01T09:25:16","modified_gmt":"2021-05-01T09:25:16","slug":"die-blaue-und-die-rote-seite-des-lebens","status":"publish","type":"page","link":"https:\/\/www.japanisches-bayern.de\/?page_id=63","title":{"rendered":"Die blaue und die rote Seite des Lebens"},"content":{"rendered":"\n<figure class=\"wp-block-image size-large\"><img loading=\"lazy\" decoding=\"async\" width=\"600\" height=\"800\" src=\"http:\/\/www.japanisches-bayern.de\/wp-content\/uploads\/2021\/04\/die-r.-und-b.-seite3.jpg\" alt=\"\" class=\"wp-image-158\" srcset=\"https:\/\/www.japanisches-bayern.de\/wp-content\/uploads\/2021\/04\/die-r.-und-b.-seite3.jpg 600w, https:\/\/www.japanisches-bayern.de\/wp-content\/uploads\/2021\/04\/die-r.-und-b.-seite3-225x300.jpg 225w\" sizes=\"(max-width: 600px) 100vw, 600px\" \/><\/figure>\n\n\n\n<p>Im August 1823 landet ein junger Mann von 27 Jahren in Japan. Der Arzt Dr. Philipp Franz von Siebold aus W\u00fcrzburg soll nicht nur medizinische Kenntnisse nach Japan bringen, sondern insgeheim ein wenig die Lage von Staat und Gesellschaft ausspionieren. Zu dieser Zeit darf lediglich eine Handvoll Holl\u00e4nder auf der Insel Dejima im Hafen von Nagasaki leben und Handel treiben. F\u00fcr andere Nationen ist das Land versperrt, und der geborene Bayer muss sich als Holl\u00e4nder ausgeben, um die Insel betreten zu d\u00fcrfen.<\/p>\n\n\n\n<p>Der junge Mann trifft dort auf Kaufleute, ihre Sklaven und Diener sowie auf die japanischen Dolmetscher, die alle sehr eng zusammen leben und versuchen, ihre t\u00e4glichen Gesch\u00e4fte miteinander zu regeln. Die M\u00e4nner m\u00fcssen sich zu einem Leben bequemen, das wenige Freuden bietet.<\/p>\n\n\n\n<p>Zu den Abwechslungen geh\u00f6ren die japanischen Kurtisanen, die als einzige Frauen auf die Insel kommen d\u00fcrfen. Auch Siebold lernt ein M\u00e4dchen kennen, das als seine \u201eFrau auf Zeit\u201c in sein Haus zieht. F\u00fcr ihn bleibt aber das wichtigste, seinen wissenschaftlichen Neigungen leben zu k\u00f6nnen. Daf\u00fcr nimmt er alle Schwierigkeiten in Kauf und arrangiert sich mit seinen Mitbewohnern. Er hat Gl\u00fcck und trifft auf japanische Gleichgesinnte, f\u00fcr die Dejima das Guckloch zur Welt ist.<\/p>\n\n\n\n<p>Als Arzt begleitet er die Delegation des kaufm\u00e4nnischen Leiters der Faktorei auf Dejima \u00fcber die T\u014dkaid\u014d in die Hauptstadt des Reiches Edo (heute T\u014dky\u014d). Auch dabei folgt er seinem geheimen Auftrag zur Landeserforschung, was den Fremden strengstens untersagt ist.<\/p>\n\n\n\n<p>Dann lernt er in der Hauptstadt den greisen Maler Katsushika Hokusai kennen, der f\u00fcr die Holl\u00e4nder Malereien angefertigt hat. Hokusai zeigt ihm ein ganz anderes Japan, das Siebold bis dahin nicht sehen wollte. In langen Gespr\u00e4chen \u00f6ffnet ihm der Maler die Augen f\u00fcr die Sch\u00f6nheit der Natur, die f\u00fcr den jungen Mann bis dahin nur ein Objekt der Erforschung war. Daf\u00fcr schenkt ihm Siebold die Farbe <em>Berliner Blau<\/em>, die Hokusai und nach ihm andere Maler begeistert und zur <em>blauen Periode<\/em> der japanischen Holzschnittkunst f\u00fchrt.<\/p>\n\n\n\n<p>Durch ihn erliegt Siebold der erotischen Verf\u00fchrung japanischer Holzschnitte und hat mit seiner \u201eFrau auf Zeit\u201c im Jahr danach eine Tochter, die er bei seiner Abreise zur\u00fccklassen muss.<\/p>\n\n\n\n<p>F\u00fcr Japan wie f\u00fcr Europa ist die Begegnung ein Wendepunkt: Wenig sp\u00e4ter beginnt das Inselreich, sich dem Westen zu \u00f6ffnen, w\u00e4hrend die europ\u00e4ischen Maler Hokusai und seine Kunst entdecken und den Schritt in die Moderne wagen.<\/p>\n\n\n\n<figure class=\"wp-block-embed is-type-rich is-provider-amazon wp-block-embed-amazon\"><div class=\"wp-block-embed__wrapper\">\n<iframe loading=\"lazy\" title=\"Die blaue und die rote Seite des Lebens - Was Dr. Philipp Franz von Siebold von Meister Hokusai lernte\" type=\"text\/html\" width=\"620\" height=\"550\" frameborder=\"0\" allowfullscreen style=\"max-width:100%\" src=\"https:\/\/lesen.amazon.de\/kp\/card?preview=inline&#038;linkCode=kpd&#038;ref_=k4w_oembed_S8zH8JTUVejSOI&#038;asin=B00BW85SYM&#038;tag=kpembed-20\"><\/iframe>\n<\/div><\/figure>\n","protected":false},"excerpt":{"rendered":"<p>Im August 1823 landet ein junger Mann von 27 Jahren in Japan. Der Arzt Dr. Philipp Franz von Siebold aus W\u00fcrzburg soll nicht nur medizinische Kenntnisse nach Japan bringen, sondern insgeheim ein wenig die Lage von Staat und Gesellschaft ausspionieren. Zu dieser Zeit darf lediglich eine Handvoll Holl\u00e4nder auf der Insel Dejima im Hafen von<a class=\"more-link\" href=\"https:\/\/www.japanisches-bayern.de\/?page_id=63\"><span class=\"screen-reader-text\">&#8222;Die blaue und die rote Seite des Lebens&#8220;<\/span> weiterlesen<\/a><\/p>\n","protected":false},"author":1,"featured_media":0,"parent":0,"menu_order":0,"comment_status":"closed","ping_status":"closed","template":"","meta":{"footnotes":""},"class_list":["post-63","page","type-page","status-publish","hentry","entry"],"_links":{"self":[{"href":"https:\/\/www.japanisches-bayern.de\/index.php?rest_route=\/wp\/v2\/pages\/63"}],"collection":[{"href":"https:\/\/www.japanisches-bayern.de\/index.php?rest_route=\/wp\/v2\/pages"}],"about":[{"href":"https:\/\/www.japanisches-bayern.de\/index.php?rest_route=\/wp\/v2\/types\/page"}],"author":[{"embeddable":true,"href":"https:\/\/www.japanisches-bayern.de\/index.php?rest_route=\/wp\/v2\/users\/1"}],"replies":[{"embeddable":true,"href":"https:\/\/www.japanisches-bayern.de\/index.php?rest_route=%2Fwp%2Fv2%2Fcomments&post=63"}],"version-history":[{"count":2,"href":"https:\/\/www.japanisches-bayern.de\/index.php?rest_route=\/wp\/v2\/pages\/63\/revisions"}],"predecessor-version":[{"id":206,"href":"https:\/\/www.japanisches-bayern.de\/index.php?rest_route=\/wp\/v2\/pages\/63\/revisions\/206"}],"wp:attachment":[{"href":"https:\/\/www.japanisches-bayern.de\/index.php?rest_route=%2Fwp%2Fv2%2Fmedia&parent=63"}],"curies":[{"name":"wp","href":"https:\/\/api.w.org\/{rel}","templated":true}]}}