{"id":98,"date":"2021-02-19T14:52:18","date_gmt":"2021-02-19T14:52:18","guid":{"rendered":"http:\/\/www.japanisches-bayern.de\/?page_id=98"},"modified":"2021-04-28T18:29:03","modified_gmt":"2021-04-28T18:29:03","slug":"wilhelm-heine-japan-beitraege-zur-kenntnis-des-landes-und-seiner-bewohner","status":"publish","type":"page","link":"https:\/\/www.japanisches-bayern.de\/?page_id=98","title":{"rendered":"Wilhelm Heine: Japan \u2013 Beitr\u00e4ge zur Kenntnis des Landes und seiner Bewohner"},"content":{"rendered":"\n<figure class=\"wp-block-image size-large\"><img loading=\"lazy\" decoding=\"async\" width=\"729\" height=\"1024\" src=\"http:\/\/www.japanisches-bayern.de\/wp-content\/uploads\/2021\/04\/Titelblatt-Heine-bei-Roell-729x1024.jpg\" alt=\"\" class=\"wp-image-166\" srcset=\"https:\/\/www.japanisches-bayern.de\/wp-content\/uploads\/2021\/04\/Titelblatt-Heine-bei-Roell-729x1024.jpg 729w, https:\/\/www.japanisches-bayern.de\/wp-content\/uploads\/2021\/04\/Titelblatt-Heine-bei-Roell-214x300.jpg 214w, https:\/\/www.japanisches-bayern.de\/wp-content\/uploads\/2021\/04\/Titelblatt-Heine-bei-Roell.jpg 769w\" sizes=\"(max-width: 729px) 100vw, 729px\" \/><figcaption>Herausgegeben von Andrea Hirner und Bruno Richtsfeld<\/figcaption><\/figure>\n\n\n\n<p>Wilhelm Heine ver\u00f6ffentlichte als Ergebnis seiner Aufenthalte<br>in Japan und als Zeitzeuge tief greifender historischer<br>Entwicklungen in diesem Lande Reiseberichte und Beitr\u00e4ge<br>\u00fcber Japan und seine Geschichte. Sein letztes gro\u00dfes Werk<br>war der zwischen 1873 und 1875 erschienene aufw\u00e4ndige<br>Folioband <em>Japan. Beitr\u00e4ge zur Kenntnis des Landes und seiner<br>Bewohner<\/em>. Man darf vermuten, dass er es als Kr\u00f6nung<br>und Summe seiner Bestrebungen ansah, dieses Inselreich und<br>seine Bewohner dem Bildungsb\u00fcrgertum Europas n\u00e4her zu<br>bringen, f\u00fcr das es so lange hinter einer Art Bambusvorhang<br>verborgen gewesen war.<br><br>In diesem Werk werden f\u00fcnfzig Gem\u00e4lde, die Heine und vier<br>befreundete K\u00fcnstler nach seinen Entw\u00fcrfen und den von<br>ihm w\u00e4hrend des Aufenthaltes der Eulenburg-Expedition in<br>Edo (heute: Tokio) in Auftrag gegebenen Fotografien anfertigten,<br>durch auf kartonierte Seiten geklebte Fotoreproduktionen<br>ver\u00f6ffentlicht und in beigef\u00fcgten Erkl\u00e4rungen von<br>Heine ausf\u00fchrlich besprochen. Die Ausgabe wurde unter<br>anderem von prominenten Subskribenten gef\u00f6rdert, wie z.B.<br>den Kaisern von Deutschland und \u00d6sterreich-Ungarn sowie<br>den K\u00f6nigen von Bayern und Brasilien. Nicht bekannt ist, wie<br>viele Exemplare au\u00dfer den Subskriptionsexemplaren f\u00fcr den<br>freien Verkauf gedruckt wurden. Der hohe Preis von damals<br>500 Mark hat vermutlich die Zahl der K\u00e4ufer gering gehalten.<\/p>\n\n\n\n<p>Der vorliegende Band macht den Inhalt des Originalwerkes nach fast 150 Jahren einer breiteren \u00d6ffentlichkeit zug\u00e4nglich.<br><br>ISBN 978-3897544321<br><br><a href=\"https:\/\/www.amazon.de\/Wilhelm-Heine-Beitr%C3%A4ge-Herausgegeben-Richtsfeld\/dp\/3897544326\/ref=sr_1_1?__mk_de_DE=%C3%85M%C3%85%C5%BD%C3%95%C3%91&amp;dchild=1&amp;keywords=978-3897544321&amp;qid=1614442825&amp;sr=8-1\" data-type=\"URL\" data-id=\"https:\/\/www.amazon.de\/Wilhelm-Heine-Beitr%C3%A4ge-Herausgegeben-Richtsfeld\/dp\/3897544326\/ref=sr_1_1?__mk_de_DE=%C3%85M%C3%85%C5%BD%C3%95%C3%91&amp;dchild=1&amp;keywords=978-3897544321&amp;qid=1614442825&amp;sr=8-1\" target=\"_blank\" rel=\"noreferrer noopener\">https:\/\/www.amazon.de\/Wilhelm-Heine-Beitr%C3%A4ge-Herausgegeben-Richtsfeld\/dp\/3897544326\/ref=sr_1_1?__mk_de_DE=%C3%85M%C3%85%C5%BD%C3%95%C3%91&amp;dchild=1&amp;keywords=978-3897544321&amp;qid=1614442825&amp;sr=8-1<\/a><\/p>\n\n\n\n<p><br><br><\/p>\n","protected":false},"excerpt":{"rendered":"<p>Wilhelm Heine ver\u00f6ffentlichte als Ergebnis seiner Aufenthaltein Japan und als Zeitzeuge tief greifender historischerEntwicklungen in diesem Lande Reiseberichte und Beitr\u00e4ge\u00fcber Japan und seine Geschichte. Sein letztes gro\u00dfes Werkwar der zwischen 1873 und 1875 erschienene aufw\u00e4ndigeFolioband Japan. Beitr\u00e4ge zur Kenntnis des Landes und seinerBewohner. Man darf vermuten, dass er es als Kr\u00f6nungund Summe seiner Bestrebungen ansah,<a class=\"more-link\" href=\"https:\/\/www.japanisches-bayern.de\/?page_id=98\"><span class=\"screen-reader-text\">&#8222;Wilhelm Heine: Japan \u2013 Beitr\u00e4ge zur Kenntnis des Landes und seiner Bewohner&#8220;<\/span> weiterlesen<\/a><\/p>\n","protected":false},"author":1,"featured_media":0,"parent":0,"menu_order":0,"comment_status":"closed","ping_status":"closed","template":"","meta":{"footnotes":""},"class_list":["post-98","page","type-page","status-publish","hentry","entry"],"_links":{"self":[{"href":"https:\/\/www.japanisches-bayern.de\/index.php?rest_route=\/wp\/v2\/pages\/98"}],"collection":[{"href":"https:\/\/www.japanisches-bayern.de\/index.php?rest_route=\/wp\/v2\/pages"}],"about":[{"href":"https:\/\/www.japanisches-bayern.de\/index.php?rest_route=\/wp\/v2\/types\/page"}],"author":[{"embeddable":true,"href":"https:\/\/www.japanisches-bayern.de\/index.php?rest_route=\/wp\/v2\/users\/1"}],"replies":[{"embeddable":true,"href":"https:\/\/www.japanisches-bayern.de\/index.php?rest_route=%2Fwp%2Fv2%2Fcomments&post=98"}],"version-history":[{"count":2,"href":"https:\/\/www.japanisches-bayern.de\/index.php?rest_route=\/wp\/v2\/pages\/98\/revisions"}],"predecessor-version":[{"id":205,"href":"https:\/\/www.japanisches-bayern.de\/index.php?rest_route=\/wp\/v2\/pages\/98\/revisions\/205"}],"wp:attachment":[{"href":"https:\/\/www.japanisches-bayern.de\/index.php?rest_route=%2Fwp%2Fv2%2Fmedia&parent=98"}],"curies":[{"name":"wp","href":"https:\/\/api.w.org\/{rel}","templated":true}]}}